 factors of 861?
3, 7, 41
What are the prime factors of 2292?
2, 3, 191
List the prime factors of 12536.
2, 1567
What are the prime factors of 987?
3, 7, 47
What are the prime factors of 17842?
2, 11, 811
What are the prime factors of 755?
5, 151
List the prime factors of 1499.
1499
What are the prime factors of 40846?
2, 13, 1571
List the prime factors of 23684.
2, 31, 191
What are the prime factors of 78127?
7, 11161
What are the prime factors of 77060?
2, 5, 3853
List the prime factors of 5016.
2, 3, 11, 19
List the prime factors of 30519.
3, 3391
What are the prime factors of 26394?
2, 3, 53, 83
What are the prime factors of 2263?
31, 73
What are the prime factors of 26280?
2, 3, 5, 73
What are the prime factors of 21118?
2, 10559
List the prime factors of 20895.
3, 5, 7, 199
What are the prime factors of 1893?
3, 631
List the prime factors of 967.
967
List the prime factors of 8493.
3, 19, 149
List the prime factors of 1329.
3, 443
List the prime factors of 12996.
2, 3, 19
What are the prime factors of 3445?
5, 13, 53
What are the prime factors of 699?
3, 233
List the prime factors of 28373.
17, 1669
List the prime factors of 81894.
2, 3, 13649
What are the prime factors of 2798?
2, 1399
List the prime factors of 15622.
2, 73, 107
What are the prime factors of 1026?
2, 3, 19
What are the prime factors of 3459?
3, 1153
What are the prime factors of 24816?
2, 3, 11, 47
What are the prime factors of 33186?
2, 3, 5531
What are the prime factors of 311?
311
List the prime factors of 5873.
7, 839
What are the prime factors of 2041?
13, 157
List the prime factors of 252.
2, 3, 7
What are the prime factors of 3148?
2, 787
List the prime factors of 396.
2, 3, 11
List the prime factors of 978.
2, 3, 163
What are the prime factors of 15774?
2, 3, 11, 239
List the prime factors of 14730.
2, 3, 5, 491
List the prime factors of 3947.
3947
What are the prime factors of 27549?
3, 3061
What are the prime factors of 3796?
2, 13, 73
What are the prime factors of 19751?
19751
What are the prime factors of 10022?
2, 5011
What are the prime factors of 13924?
2, 59
List the prime factors of 826.
2, 7, 59
List the prime factors of 4957.
4957
What are the prime factors of 7243?
7243
List the prime factors of 2251.
2251
What are the prime factors of 7758?
2, 3, 431
What are the prime factors of 1448?
2, 181
What are the prime factors of 9602?
2, 4801
List the prime factors of 23800.
2, 5, 7, 17
What are the prime factors of 4109?
7, 587
List the prime factors of 32.
2
List the prime factors of 3916.
2, 11, 89
List the prime factors of 2202.
2, 3, 367
List the prime factors of 20559.
3, 7, 11, 89
List the prime factors of 328.
2, 41
List the prime factors of 16503.
3, 5501
List the prime factors of 6216.
2, 3, 7, 37
List the prime factors of 1866.
2, 3, 311
List the prime factors of 10152.
2, 3, 47
What are the prime factors of 492?
2, 3, 41
List the prime factors of 2518.
2, 1259
What are the prime factors of 1006?
2, 503
What are the prime factors of 33228?
2, 3, 13, 71
What are the prime factors of 748?
2, 11, 17
What are the prime factors of 611?
13, 47
List the prime factors of 55158.
2, 3, 29, 317
List the prime factors of 1611.
3, 179
List the prime factors of 9817.
9817
List the prime factors of 88529.
7, 12647
What are the prime factors of 2364?
2, 3, 197
List the prime factors of 124.
2, 31
List the prime factors of 40382.
2, 61, 331
What are the prime factors of 1075?
5, 43
List the prime factors of 47320.
2, 5, 7, 13
List the prime factors of 314.
2, 157
List the prime factors of 1145.
5, 229
What are the prime factors of 63114?
2, 3, 67, 157
What are the prime factors of 36178?
2, 18089
List the prime factors of 27122.
2, 71, 191
What are the prime factors of 3162?
2, 3, 17, 31
What are the prime factors of 9771?
3, 3257
What are the prime factors of 5729?
17, 337
What are the prime factors of 1015?
5, 7, 29
List the prime factors of 5012.
2, 7, 179
What are the prime factors of 9025?
5, 19
List the prime factors of 904.
2, 113
List the prime factors of 185.
5, 37
List the prime factors of 2304.
2, 3
List the prime factors of 909.
3, 101
List the prime factors of 13315.
5, 2663
What are the prime factors of 3626?
2, 7, 37
What are the prime factors of 22541?
22541
What are the prime factors of 61348?
2, 7, 313
List the prime factors of 15021.
3, 1669
List the prime factors of 873.
3, 97
What are the prime factors of 125531?
7, 79, 227
List the prime factors of 9648.
2, 3, 67
What are the prime factors of 8554?
2, 7, 13, 47
List the prime factors of 23207.
23, 1009
List the prime factors of 800.
2, 5
What are the prime factors of 1465?
5, 293
List the prime factors of 26075.
5, 7, 149
What are the prime factors of 2309?
2309
What are the prime factors of 3379?
31, 109
What are the prime factors of 37130?
2, 5, 47, 79
What are the prime factors of 2654?
2, 1327
List the prime factors of 14418.
2, 3, 89
List the prime factors of 37641.
3, 12547
List the prime factors of 4631.
11, 421
What are the prime factors of 5007?
3, 1669
List the prime factors of 810.
2, 3, 5
What are the prime factors of 152?
2, 19
List the prime factors of 156898.
2, 7, 1601
What are the prime factors of 3428?
2, 857
List the prime factors of 30385.
5, 59, 103
What are the prime factors of 2270?
2, 5, 227
What are the prime factors of 3001?
3001
What are the prime factors of 721?
7, 103
What are the prime factors of 1468?
2, 367
What are the prime factors of 235?
5, 47
List the prime factors of 1301.
1301
What are the prime factors of 1103?
1103
What are the prime factors of 1582?
2, 7, 113
List the prime factors of 1935.
3, 5, 43
What are the prime factors of 2377?
2377
What are the prime factors of 25275?
3, 5, 337
What are the prime factors of 5401?
11, 491
What are the prime factors of 123762?
2, 3, 20627
What are the prime factors of 157?
157
List the prime factors of 3694.
2, 1847
List the prime factors of 4687.
43, 109
What are the prime factors of 1443?
3, 13, 37
What are the prime factors of 5803?
7, 829
What are the prime factors of 694?
2, 347
List the prime factors of 58715.
5, 11743
What are the prime factors of 357?
3, 7, 17
List the prime factors of 281.
281
What are the prime factors of 4172?
2, 7, 149
List the prime factors of 664.
2, 83
List the prime factors of 10260.
2, 3, 5, 19
What are the prime factors of 3102?
2, 3, 11, 47
List the prime factors of 2661.
3, 887
List the prime factors of 3660.
2, 3, 5, 61
What are the prime factors of 11158?
2, 7, 797
List the prime factors of 57942.
2, 3, 29, 37
What are the prime factors of 87380?
2, 5, 17, 257
What are the prime factors of 16681?
7, 2383
What are the prime factors of 2546?
2, 19, 67
What are the prime factors of 5527?
5527
What are the prime factors of 26107?
26107
List the prime factors of 904.
2, 113
List the prime factors of 2314.
2, 13, 89
List the prime factors of 12233.
13, 941
What are the prime factors of 1996?
2, 499
What are the prime factors of 16456?
2, 11, 17
List the prime factors of 9281.
9281
List the prime factors of 936.
2, 3, 13
List the prime factors of 12832.
2, 401
List the prime factors of 18852.
2, 3, 1571
List the prime factors of 17977.
17977
What are the prime factors of 435?
3, 5, 29
What are the prime factors of 2309?
2309
What are the prime factors of 835?
5, 167
What are the prime factors of 1594?
2, 797
List the prime factors of 1530.
2, 3, 5, 17
List the prime factors of 6942.
2, 3, 13, 89
List the prime factors of 1391.
13, 107
What are the prime factors of 1279?
1279
List the prime factors of 7327.
17, 431
List the prime factors of 7527.
3, 13, 193
List the prime factors of 446.
2, 223
List the prime factors of 2107.
7, 43
List the prime factors of 1631.
7, 233
List the prime factors of 41983.
41983
List the prime factors of 7334.
2, 19, 193
What are the prime factors of 87467?
47, 1861
What are the prime factors of 4189?
59, 71
What are the prime factors of 57305?
5, 73, 157
List the prime factors of 2164.
2, 541
What are the prime factors of 3935?
5, 787
List the prime factors of 608.
2, 19
What are the prime factors of 19529?
59, 331
List the prime factors of 20201.
20201
List the prime factors of 1613.
1613
What are the prime factors of 2693?
2693
List the prime